{"id":1267,"date":"2026-01-01T09:40:36","date_gmt":"2026-01-01T09:40:36","guid":{"rendered":"https:\/\/uni-informa.it\/-\/?page_id=1267"},"modified":"2026-01-01T09:43:20","modified_gmt":"2026-01-01T09:43:20","slug":"contattaci","status":"publish","type":"page","link":"https:\/\/uni-informa.it\/-\/contattaci\/","title":{"rendered":"Contattaci"},"content":{"rendered":"<div id=\"pl-1267\"  class=\"panel-layout\" ><div id=\"pg-1267-0\"  class=\"panel-grid panel-has-style\" ><div class=\"panel-row-style panel-row-style-for-1267-0\" ><div id=\"pgc-1267-0-0\"  class=\"panel-grid-cell\" ><div id=\"panel-1267-0-0-0\" class=\"so-panel widget widget_sow-image panel-first-child panel-last-child\" data-index=\"0\" ><div\n\t\t\t\n\t\t\tclass=\"so-widget-sow-image so-widget-sow-image-default-8b5b6f678277-1267\"\n\t\t\t\n\t\t>\n<div class=\"sow-image-container\">\n\t\t<img \n\tsrc=\"https:\/\/uni-informa.it\/-\/wp-content\/uploads\/2026\/01\/scrivici.png\" width=\"840\" height=\"940\" srcset=\"https:\/\/uni-informa.it\/-\/wp-content\/uploads\/2026\/01\/scrivici.png 840w, https:\/\/uni-informa.it\/-\/wp-content\/uploads\/2026\/01\/scrivici-268x300.png 268w, https:\/\/uni-informa.it\/-\/wp-content\/uploads\/2026\/01\/scrivici-768x859.png 768w\" sizes=\"(max-width: 840px) 100vw, 840px\" alt=\"Scrivici\" \t\tclass=\"so-widget-image\"\/>\n\t<\/div>\n\n<\/div><\/div><\/div><div id=\"pgc-1267-0-1\"  class=\"panel-grid-cell\" ><div id=\"panel-1267-0-1-0\" class=\"so-panel widget widget_sow-editor panel-first-child\" data-index=\"1\" ><div\n\t\t\t\n\t\t\tclass=\"so-widget-sow-editor so-widget-sow-editor-base\"\n\t\t\t\n\t\t>\n<div class=\"siteorigin-widget-tinymce textwidget\">\n\t<h3>Sede operativa<\/h3>\n<h4>Telefono<\/h4>\n<p><a href=\"tel:+393456076297\">+39 345 607 6297<\/a><br \/>\nLe segreteria \u00e8 raggiungibile per telefono anche nelle mattinate del luned\u00ec e del venerd\u00ec, dalle ore 10.00 alle ore 12.00.<\/p>\n<h4>Indirizzo<\/h4>\n<p>Anche per l'anno accademico 2025\/2026 la segreteria e gli incontri si tengono nel quartiere Ombriano, Via Rampazzini n. 14, presso la scuola media \"C. Abbado\".<\/p>\n<p>Per tutti i dettagli su attivit\u00e0 e corsi visita il sito <a href=\"https:\/\/uni-crema.it\/uni-crema\/\" target=\"_blank\" rel=\"noopener\">www.uni-crema.it<\/a> .<\/p>\n<h4>Email<\/h4>\n<p>Segreteria di UNI-Crema: <a href=\"mailto:info@uni-crema.it\">info@uni-crema.it<\/a><\/p>\n<p>Redazione di UNI-Informa:<\/p>\n<\/div>\n<\/div><\/div><div id=\"panel-1267-0-1-1\" class=\"widget_text so-panel widget widget_custom_html panel-last-child\" data-index=\"2\" ><div class=\"textwidget custom-html-widget\"><iframe style=\"width:100%;height:500px\" src=\"https:\/\/www.openstreetmap.org\/export\/embed.html?bbox=9.653508961200716%2C45.353508023497156%2C9.655727148056032%2C45.35502720858&amp;layer=mapnik&amp;marker=45.35426762113633%2C9.65461939573288\" style=\"border: 1px solid black\"><\/iframe><br\/><small><a href=\"https:\/\/www.openstreetmap.org\/?mlat=45.35427&amp;mlon=9.65462#map=19\/45.35427\/9.65462\">Visualizza mappa ingrandita<\/a><\/small><\/div><\/div><\/div><\/div><\/div><\/div>","protected":false},"excerpt":{"rendered":"<p>Sede operativa Telefono +39 345 607 6297 Le segreteria \u00e8 raggiungibile per telefono anche nelle mattinate del luned\u00ec e del venerd\u00ec, dalle ore 10.00 alle ore 12.00. Indirizzo Anche per l&#8217;anno accademico 2025\/2026 la segreteria e gli incontri si tengono nel quartiere Ombriano, Via Rampazzini n. 14, presso la scuola media &#8220;C. Abbado&#8221;. Per tutti&hellip;&nbsp;<\/p>\n","protected":false},"author":1,"featured_media":0,"parent":0,"menu_order":0,"comment_status":"closed","ping_status":"closed","template":"","meta":{"neve_meta_sidebar":"full-width","neve_meta_container":"","neve_meta_enable_content_width":"off","neve_meta_content_width":100,"neve_meta_title_alignment":"","neve_meta_author_avatar":"","neve_post_elements_order":"","neve_meta_disable_header":"","neve_meta_disable_footer":"","neve_meta_disable_title":"","_themeisle_gutenberg_block_has_review":false,"footnotes":"","_links_to":"","_links_to_target":""},"class_list":["post-1267","page","type-page","status-publish","hentry"],"_links":{"self":[{"href":"https:\/\/uni-informa.it\/-\/wp-json\/wp\/v2\/pages\/1267","targetHints":{"allow":["GET"]}}],"collection":[{"href":"https:\/\/uni-informa.it\/-\/wp-json\/wp\/v2\/pages"}],"about":[{"href":"https:\/\/uni-informa.it\/-\/wp-json\/wp\/v2\/types\/page"}],"author":[{"embeddable":true,"href":"https:\/\/uni-informa.it\/-\/wp-json\/wp\/v2\/users\/1"}],"replies":[{"embeddable":true,"href":"https:\/\/uni-informa.it\/-\/wp-json\/wp\/v2\/comments?post=1267"}],"version-history":[{"count":3,"href":"https:\/\/uni-informa.it\/-\/wp-json\/wp\/v2\/pages\/1267\/revisions"}],"predecessor-version":[{"id":1272,"href":"https:\/\/uni-informa.it\/-\/wp-json\/wp\/v2\/pages\/1267\/revisions\/1272"}],"wp:attachment":[{"href":"https:\/\/uni-informa.it\/-\/wp-json\/wp\/v2\/media?parent=1267"}],"curies":[{"name":"wp","href":"https:\/\/api.w.org\/{rel}","templated":true}]}}